{"id":123,"date":"2022-03-15T14:26:31","date_gmt":"2022-03-15T12:26:31","guid":{"rendered":"https:\/\/pyrenaica.emf.eus\/?page_id=123"},"modified":"2022-05-26T10:41:57","modified_gmt":"2022-05-26T08:41:57","slug":"hemeroteca","status":"publish","type":"page","link":"https:\/\/pyrenaica.emf.eus\/es\/hemeroteca\/","title":{"rendered":"Hemeroteca"},"content":{"rendered":"","protected":false},"excerpt":{"rendered":"","protected":false},"author":1,"featured_media":0,"parent":0,"menu_order":0,"comment_status":"closed","ping_status":"closed","template":"template-hemeroteka.php","meta":{"_acf_changed":false,"footnotes":""},"class_list":["post-123","page","type-page","status-publish","hentry"],"acf":[],"yoast_head":"<!-- This site is optimized with the Yoast SEO plugin v27.4 - https:\/\/yoast.com\/product\/yoast-seo-wordpress\/ -->\n<title>Hemeroteca Online Pyrenaica<\/title>\n<meta name=\"description\" content=\"Hemeroteca de la federaci\u00f3n vasca de monta\u00f1a. La mayor hemeroteca online conocida en lengua castellana y euskera sobre monta\u00f1a vasca.\" \/>\n<meta name=\"robots\" content=\"index, follow, max-snippet:-1, max-image-preview:large, max-video-preview:-1\" \/>\n<link rel=\"canonical\" href=\"https:\/\/pyrenaica.emf.eus\/es\/hemeroteca\/\" \/>\n<meta property=\"og:locale\" content=\"es_ES\" \/>\n<meta property=\"og:type\" content=\"article\" \/>\n<meta property=\"og:title\" content=\"Hemeroteca Online Pyrenaica\" \/>\n<meta property=\"og:description\" content=\"Hemeroteca de la federaci\u00f3n vasca de monta\u00f1a. La mayor hemeroteca online conocida en lengua castellana y euskera sobre monta\u00f1a vasca.\" \/>\n<meta property=\"og:url\" content=\"https:\/\/pyrenaica.emf.eus\/es\/hemeroteca\/\" \/>\n<meta property=\"og:site_name\" content=\"Pyrenaica Aldizkaria\" \/>\n<meta property=\"article:modified_time\" content=\"2022-05-26T08:41:57+00:00\" \/>\n<meta name=\"twitter:card\" content=\"summary_large_image\" \/>\n<script type=\"application\/ld+json\" class=\"yoast-schema-graph\">{\"@context\":\"https:\\\/\\\/schema.org\",\"@graph\":[{\"@type\":\"WebPage\",\"@id\":\"https:\\\/\\\/pyrenaica.emf.eus\\\/es\\\/hemeroteca\\\/\",\"url\":\"https:\\\/\\\/pyrenaica.emf.eus\\\/es\\\/hemeroteca\\\/\",\"name\":\"Hemeroteca Online Pyrenaica\",\"isPartOf\":{\"@id\":\"https:\\\/\\\/pyrenaica.emf.eus\\\/es\\\/#website\"},\"datePublished\":\"2022-03-15T12:26:31+00:00\",\"dateModified\":\"2022-05-26T08:41:57+00:00\",\"description\":\"Hemeroteca de la federaci\u00f3n vasca de monta\u00f1a. La mayor hemeroteca online conocida en lengua castellana y euskera sobre monta\u00f1a vasca.\",\"breadcrumb\":{\"@id\":\"https:\\\/\\\/pyrenaica.emf.eus\\\/es\\\/hemeroteca\\\/#breadcrumb\"},\"inLanguage\":\"es\",\"potentialAction\":[{\"@type\":\"ReadAction\",\"target\":[\"https:\\\/\\\/pyrenaica.emf.eus\\\/es\\\/hemeroteca\\\/\"]}]},{\"@type\":\"BreadcrumbList\",\"@id\":\"https:\\\/\\\/pyrenaica.emf.eus\\\/es\\\/hemeroteca\\\/#breadcrumb\",\"itemListElement\":[{\"@type\":\"ListItem\",\"position\":1,\"name\":\"Home\",\"item\":\"https:\\\/\\\/pyrenaica.emf.eus\\\/es\\\/\"},{\"@type\":\"ListItem\",\"position\":2,\"name\":\"Hemeroteca\"}]},{\"@type\":\"WebSite\",\"@id\":\"https:\\\/\\\/pyrenaica.emf.eus\\\/es\\\/#website\",\"url\":\"https:\\\/\\\/pyrenaica.emf.eus\\\/es\\\/\",\"name\":\"Pyrenaica Aldizkaria\",\"description\":\"Euskal Mendizale Federazioa\",\"potentialAction\":[{\"@type\":\"SearchAction\",\"target\":{\"@type\":\"EntryPoint\",\"urlTemplate\":\"https:\\\/\\\/pyrenaica.emf.eus\\\/es\\\/?s={search_term_string}\"},\"query-input\":{\"@type\":\"PropertyValueSpecification\",\"valueRequired\":true,\"valueName\":\"search_term_string\"}}],\"inLanguage\":\"es\"}]}<\/script>\n<!-- \/ Yoast SEO plugin. -->","yoast_head_json":{"title":"Hemeroteca Online Pyrenaica","description":"Hemeroteca de la federaci\u00f3n vasca de monta\u00f1a. La mayor hemeroteca online conocida en lengua castellana y euskera sobre monta\u00f1a vasca.","robots":{"index":"index","follow":"follow","max-snippet":"max-snippet:-1","max-image-preview":"max-image-preview:large","max-video-preview":"max-video-preview:-1"},"canonical":"https:\/\/pyrenaica.emf.eus\/es\/hemeroteca\/","og_locale":"es_ES","og_type":"article","og_title":"Hemeroteca Online Pyrenaica","og_description":"Hemeroteca de la federaci\u00f3n vasca de monta\u00f1a. La mayor hemeroteca online conocida en lengua castellana y euskera sobre monta\u00f1a vasca.","og_url":"https:\/\/pyrenaica.emf.eus\/es\/hemeroteca\/","og_site_name":"Pyrenaica Aldizkaria","article_modified_time":"2022-05-26T08:41:57+00:00","twitter_card":"summary_large_image","schema":{"@context":"https:\/\/schema.org","@graph":[{"@type":"WebPage","@id":"https:\/\/pyrenaica.emf.eus\/es\/hemeroteca\/","url":"https:\/\/pyrenaica.emf.eus\/es\/hemeroteca\/","name":"Hemeroteca Online Pyrenaica","isPartOf":{"@id":"https:\/\/pyrenaica.emf.eus\/es\/#website"},"datePublished":"2022-03-15T12:26:31+00:00","dateModified":"2022-05-26T08:41:57+00:00","description":"Hemeroteca de la federaci\u00f3n vasca de monta\u00f1a. La mayor hemeroteca online conocida en lengua castellana y euskera sobre monta\u00f1a vasca.","breadcrumb":{"@id":"https:\/\/pyrenaica.emf.eus\/es\/hemeroteca\/#breadcrumb"},"inLanguage":"es","potentialAction":[{"@type":"ReadAction","target":["https:\/\/pyrenaica.emf.eus\/es\/hemeroteca\/"]}]},{"@type":"BreadcrumbList","@id":"https:\/\/pyrenaica.emf.eus\/es\/hemeroteca\/#breadcrumb","itemListElement":[{"@type":"ListItem","position":1,"name":"Home","item":"https:\/\/pyrenaica.emf.eus\/es\/"},{"@type":"ListItem","position":2,"name":"Hemeroteca"}]},{"@type":"WebSite","@id":"https:\/\/pyrenaica.emf.eus\/es\/#website","url":"https:\/\/pyrenaica.emf.eus\/es\/","name":"Pyrenaica Aldizkaria","description":"Euskal Mendizale Federazioa","potentialAction":[{"@type":"SearchAction","target":{"@type":"EntryPoint","urlTemplate":"https:\/\/pyrenaica.emf.eus\/es\/?s={search_term_string}"},"query-input":{"@type":"PropertyValueSpecification","valueRequired":true,"valueName":"search_term_string"}}],"inLanguage":"es"}]}},"_links":{"self":[{"href":"https:\/\/pyrenaica.emf.eus\/es\/wp-json\/wp\/v2\/pages\/123","targetHints":{"allow":["GET"]}}],"collection":[{"href":"https:\/\/pyrenaica.emf.eus\/es\/wp-json\/wp\/v2\/pages"}],"about":[{"href":"https:\/\/pyrenaica.emf.eus\/es\/wp-json\/wp\/v2\/types\/page"}],"author":[{"embeddable":true,"href":"https:\/\/pyrenaica.emf.eus\/es\/wp-json\/wp\/v2\/users\/1"}],"replies":[{"embeddable":true,"href":"https:\/\/pyrenaica.emf.eus\/es\/wp-json\/wp\/v2\/comments?post=123"}],"version-history":[{"count":2,"href":"https:\/\/pyrenaica.emf.eus\/es\/wp-json\/wp\/v2\/pages\/123\/revisions"}],"predecessor-version":[{"id":133,"href":"https:\/\/pyrenaica.emf.eus\/es\/wp-json\/wp\/v2\/pages\/123\/revisions\/133"}],"wp:attachment":[{"href":"https:\/\/pyrenaica.emf.eus\/es\/wp-json\/wp\/v2\/media?parent=123"}],"curies":[{"name":"wp","href":"https:\/\/api.w.org\/{rel}","templated":true}]}}

<!-- This site is optimized with the Yoast SEO plugin v27.4 - https://yoast.com/product/yoast-seo-wordpress/ -->
<title>Hemeroteca Online Pyrenaica</title>
<meta name="description" content="Hemeroteca de la federación vasca de montaña. La mayor hemeroteca online conocida en lengua castellana y euskera sobre montaña vasca." />
<meta name="robots" content="index, follow, max-snippet:-1, max-image-preview:large, max-video-preview:-1" />
<link rel="canonical" href="https://pyrenaica.emf.eus/es/hemeroteca/" />
<meta property="og:locale" content="es_ES" />
<meta property="og:type" content="article" />
<meta property="og:title" content="Hemeroteca Online Pyrenaica" />
<meta property="og:description" content="Hemeroteca de la federación vasca de montaña. La mayor hemeroteca online conocida en lengua castellana y euskera sobre montaña vasca." />
<meta property="og:url" content="https://pyrenaica.emf.eus/es/hemeroteca/" />
<meta property="og:site_name" content="Pyrenaica Aldizkaria" />
<meta property="article:modified_time" content="2022-05-26T08:41:57+00:00" />
<meta name="twitter:card" content="summary_large_image" />
<script type="application/ld+json" class="yoast-schema-graph">{"@context":"https:\/\/schema.org","@graph":[{"@type":"WebPage","@id":"https:\/\/pyrenaica.emf.eus\/es\/hemeroteca\/","url":"https:\/\/pyrenaica.emf.eus\/es\/hemeroteca\/","name":"Hemeroteca Online Pyrenaica","isPartOf":{"@id":"https:\/\/pyrenaica.emf.eus\/es\/#website"},"datePublished":"2022-03-15T12:26:31+00:00","dateModified":"2022-05-26T08:41:57+00:00","description":"Hemeroteca de la federación vasca de montaña. La mayor hemeroteca online conocida en lengua castellana y euskera sobre montaña vasca.","breadcrumb":{"@id":"https:\/\/pyrenaica.emf.eus\/es\/hemeroteca\/#breadcrumb"},"inLanguage":"es","potentialAction":[{"@type":"ReadAction","target":["https:\/\/pyrenaica.emf.eus\/es\/hemeroteca\/"]}]},{"@type":"BreadcrumbList","@id":"https:\/\/pyrenaica.emf.eus\/es\/hemeroteca\/#breadcrumb","itemListElement":[{"@type":"ListItem","position":1,"name":"Home","item":"https:\/\/pyrenaica.emf.eus\/es\/"},{"@type":"ListItem","position":2,"name":"Hemeroteca"}]},{"@type":"WebSite","@id":"https:\/\/pyrenaica.emf.eus\/es\/#website","url":"https:\/\/pyrenaica.emf.eus\/es\/","name":"Pyrenaica Aldizkaria","description":"Euskal Mendizale Federazioa","potentialAction":[{"@type":"SearchAction","target":{"@type":"EntryPoint","urlTemplate":"https:\/\/pyrenaica.emf.eus\/es\/?s={search_term_string}"},"query-input":{"@type":"PropertyValueSpecification","valueRequired":true,"valueName":"search_term_string"}}],"inLanguage":"es"}]}</script>
<!-- / Yoast SEO plugin. -->

Hemeroteca de la federación vasca de montaña. La mayor hemeroteca online conocida en lengua castellana y euskera sobre montaña vasca.
